{"id":168,"date":"2020-01-15T09:49:45","date_gmt":"2020-01-15T08:49:45","guid":{"rendered":"http:\/\/wordpress.serwissamsungbydgoszcz.cba.pl\/?page_id=168"},"modified":"2025-07-09T15:55:48","modified_gmt":"2025-07-09T13:55:48","slug":"naprawy-gwarancyjne-samsung","status":"publish","type":"page","link":"https:\/\/gsmbydgoszcz.pl\/index.php\/naprawy-gwarancyjne-samsung\/","title":{"rendered":"NAPRAWY GWARANCYJNE TELEFON\u00d3W SAMSUNG"},"content":{"rendered":"\n<p class=\"has-text-align-center has-white-color has-black-background-color has-text-color has-background has-link-color has-medium-font-size wp-elements-f531ac557cb13341952642c18e0e48b3\"><strong><a href=\"https:\/\/gsmbydgoszcz.pl\/index.php\/zgloszenie-serwisowe\/\">Kliknij tutaj i wype\u0142nij zg\u0142oszenie serwisowe i prze\u015blij do nas sw\u00f3j sprz\u0119t. Ode\u015blemy go za darmo!<\/a><\/strong><\/p>\n\n\n\n<p class=\"has-text-align-center has-medium-font-size\">Aby u\u0142atwi\u0107 ci ca\u0142y proces zg\u0142oszenia naprawy przygotowali\u015bmy szablon kontaktowy, dzi\u0119ki kt\u00f3remu zg\u0142osisz usterk\u0119. Sprz\u0119t ode\u015blemy ci za darmo na wskazany przez ciebie adres. Pami\u0119taj by zamie\u015bci\u0107 w paczce indywidualny kod zg\u0142oszenia wygenerowany w formularzu, aby u\u0142atwi\u0107 nam znalezienie Twojego g\u0142oszenia.<\/p>\n\n\n\n<p class=\"has-text-align-center has-white-color has-black-background-color has-text-color has-background has-link-color has-medium-font-size wp-elements-c62558dafc1308e9f2f26a4c1a8fab13\">NAPRAWY NA GWARANCJI<\/p>\n\n\n\n<p class=\"has-text-align-center has-medium-font-size\">AUTORYZACJA TO PODSTAWA<\/p>\n\n\n\n<figure class=\"wp-block-video\"><video height=\"1080\" style=\"aspect-ratio: 1920 \/ 1080;\" width=\"1920\" autoplay loop muted src=\"https:\/\/gsmbydgoszcz.pl\/wp-content\/uploads\/2025\/07\/FLIP-GROUP-VISABLE-WIDE-1080.mp4\" playsinline><\/video><\/figure>\n\n\n\n<p class=\"has-text-align-center has-medium-font-size\">Jako autoryzowany serwis mo\u017cemy przeprowadza\u0107 naprawy gwarancyjne telefon\u00f3w marki Samsung. Serwisujemy tak\u017ce tablety, smartwatche oraz s\u0142uchawki Buds Samsunga.<\/p>\n\n\n\n<p class=\"has-text-align-center has-white-color has-black-background-color has-text-color has-background has-link-color has-medium-font-size wp-elements-4742f7468f73413896c7963f738768fb\">Niezale\u017cnie czy nabyli Pa\u0144stwo sw\u00f3j sprz\u0119t w sklepie Brand Store firmy Samsung, sieci market\u00f3w zajmuj\u0105cych si\u0119 sprzeda\u017c\u0105 elektroniki, salonie operatora czy w internecie, to mo\u017cemy dokona\u0107 bezp\u0142atnej naprawy na zasadach gwarancji zgodnie z wytycznymi producenta. Co wi\u0119cej w wi\u0119kszo\u015bci przypadk\u00f3w nie potrzebujemy ju\u017c dokumenty zakupu sprz\u0119tu, gdy\u017c wszelkie informacje na temat gwarancji s\u0105 widoczne w naszym systemie.<\/p>\n\n\n\n<p class=\"has-text-align-center has-medium-font-size\">Przypominamy, i\u017c Pa\u0144stwa urz\u0105dzenia s\u0105 obj\u0119te dwuletni\u0105 gwarancj\u0105, liczon\u0105 od daty zakupu lub aktywacji urz\u0105dzenia. <\/p>\n\n\n\n<hr class=\"wp-block-separator has-alpha-channel-opacity\"\/>\n\n\n\n<figure class=\"wp-block-image size-full alignwide is-stacked-on-mobile\"><img loading=\"lazy\" decoding=\"async\" width=\"1600\" height=\"864\" src=\"https:\/\/gsmbydgoszcz.pl\/wp-content\/uploads\/2024\/11\/flip6v.jpg\" alt=\"flip6-v\" class=\"wp-image-1257\" srcset=\"https:\/\/gsmbydgoszcz.pl\/wp-content\/uploads\/2024\/11\/flip6v.jpg 1600w, https:\/\/gsmbydgoszcz.pl\/wp-content\/uploads\/2024\/11\/flip6v-300x162.jpg 300w, https:\/\/gsmbydgoszcz.pl\/wp-content\/uploads\/2024\/11\/flip6v-1024x553.jpg 1024w, https:\/\/gsmbydgoszcz.pl\/wp-content\/uploads\/2024\/11\/flip6v-768x415.jpg 768w, https:\/\/gsmbydgoszcz.pl\/wp-content\/uploads\/2024\/11\/flip6v-1536x829.jpg 1536w\" sizes=\"auto, (max-width: 1600px) 100vw, 1600px\" \/><\/figure>\n\n\n\n<hr class=\"wp-block-separator has-alpha-channel-opacity\"\/>\n\n\n\n<p class=\"has-text-align-center has-medium-font-size\"><strong>Pami\u0119taj by przed oddaniem sprz\u0119tu na obs\u0142ug\u0119 serwisow\u0105:<\/strong><\/p>\n\n\n\n<p class=\"has-medium-font-size\">&#8211; Wykona\u0107 kopi\u0119 zapasow\u0105 (istnieje mo\u017cliwo\u015b\u0107 wykonania odp\u0142atnej kopii danych w serwisie)<br>(Do wykonania kopii danych polecamy program marki Samsung: Smart Switch) <a aria-label=\"\ufffc (otwiera si\u0119 na nowej zak\u0142adce)\" href=\"https:\/\/www.samsung.com\/pl\/apps\/smart-switch\/\" target=\"_blank\" rel=\"noreferrer noopener\"><img loading=\"lazy\" decoding=\"async\" width=\"70\" height=\"70\" class=\"wp-image-590\" style=\"width: 70px;\" src=\"https:\/\/gsmbydgoszcz.pl\/wp-content\/uploads\/2020\/01\/Samsung-Smart-Switch-Mobile-APK-1.png\" alt=\"\" srcset=\"https:\/\/gsmbydgoszcz.pl\/wp-content\/uploads\/2020\/01\/Samsung-Smart-Switch-Mobile-APK-1.png 300w, https:\/\/gsmbydgoszcz.pl\/wp-content\/uploads\/2020\/01\/Samsung-Smart-Switch-Mobile-APK-1-150x150.png 150w\" sizes=\"auto, (max-width: 70px) 100vw, 70px\" \/><\/a><br>&#8211; Wy\u0142\u0105czy\u0107 wszystkie blokady<br>&#8211; Wyj\u0105\u0107 kart\u0119 SIM i kart\u0119 pami\u0119ci<\/p>\n\n\n\n<p class=\"has-text-align-center has-medium-font-size\"><strong>Dodatkowo przypominamy \u017ce urz\u0105dzenia mo\u017cna wprowadzi\u0107 w Tryb konserwacji, kt\u00f3ry chroni dane klienta przed dost\u0119pem os\u00f3b postronnych (co jednak nie gwarantuje, \u017ce dane z urz\u0105dzenia nie zostan\u0105 usuni\u0119te z urz\u0105dzenia przy naprawach gwarancyjnych, ale zwi\u0119ksza szanse na to, \u017ce tam pozostan\u0105)<\/strong><\/p>\n\n\n\n<p class=\"has-text-align-center has-white-color has-black-background-color has-text-color has-background has-link-color has-medium-font-size wp-elements-1d6645660a6c12f5ecd434dc5085f9a4\"><a href=\"https:\/\/www.samsung.com\/pl\/support\/maintenance-mode\/\"><strong>SZCZEG\u00d3\u0141Y TRYBU KONSERWACJI GALAXY &#8211; CZYLI JAK W\u0141\u0104CZY\u0106 I WY\u0141\u0104CZY\u0106<\/strong><\/a><\/p>\n\n\n\n<hr class=\"wp-block-separator has-alpha-channel-opacity\"\/>\n\n\n\n<figure class=\"wp-block-image alignwide size-large\"><img loading=\"lazy\" decoding=\"async\" width=\"1024\" height=\"427\" src=\"https:\/\/gsmbydgoszcz.pl\/wp-content\/uploads\/2024\/11\/samsung_cloud_section_06_pc-1024x427.jpg\" alt=\"\" class=\"wp-image-1186\" srcset=\"https:\/\/gsmbydgoszcz.pl\/wp-content\/uploads\/2024\/11\/samsung_cloud_section_06_pc-1024x427.jpg 1024w, https:\/\/gsmbydgoszcz.pl\/wp-content\/uploads\/2024\/11\/samsung_cloud_section_06_pc-300x125.jpg 300w, https:\/\/gsmbydgoszcz.pl\/wp-content\/uploads\/2024\/11\/samsung_cloud_section_06_pc-768x320.jpg 768w, https:\/\/gsmbydgoszcz.pl\/wp-content\/uploads\/2024\/11\/samsung_cloud_section_06_pc.jpg 1440w\" sizes=\"auto, (max-width: 1024px) 100vw, 1024px\" \/><\/figure>\n\n\n\n<h2 class=\"wp-block-heading has-text-align-center\">Tymczasowa kopia zapasowa w chmurze<\/h2>\n\n\n\n<h3 class=\"wp-block-heading has-text-align-center\">Nowy spos\u00f3b transferu danych, w tym zdj\u0119\u0107, film\u00f3w i plik\u00f3w prywatnych<\/h3>\n\n\n\n<p class=\"has-text-align-center has-white-color has-black-background-color has-text-color has-background has-link-color has-medium-font-size wp-elements-25e47a204cbbdd1ff0389377d8ba2613\">Tymczasowa kopia zapasowa w chmurze zapewnia bezpiecze\u0144stwo danych podczas naprawy smartfona lub umo\u017cliwia szybkie i \u0142atwe przenoszenie danych na nowe urz\u0105dzenia. Wystarczy przes\u0142a\u0107 dane do chmury, gdzie b\u0119d\u0105 bezpieczne, i pobra\u0107 je na odpowiednie urz\u0105dzenie w dowolnym momencie przed terminem wyga\u015bni\u0119cia (30 dni). Zdj\u0119cia, filmy, notatki, kontakty, szczeg\u00f3\u0142y kalendarza, ustawienia urz\u0105dzenia, a nawet pliki prywatne w Bezpiecznym folderze \u2014 dzi\u0119ki tymczasowej kopii zapasowej w chmurze nie musisz si\u0119 martwi\u0107 o dane, kt\u00f3re s\u0105 dla Ciebie wa\u017cne.<\/p>\n\n\n\n<p class=\"has-text-align-center has-black-color has-text-color has-link-color has-medium-font-size wp-elements-5955b1420dbd7418bb1968b320678927\"><strong><a href=\"https:\/\/support.samsungcloud.com\/#\/info-cloud-temporary-backup\">PODEJRZYJ WSZYSTKIE SZCZEG\u00d3\u0141Y DOTYCZ\u0104CE INFORMACJI NA TEMAT WYKONANIA TYMCZASOWEJ KOPII ZAPASOWEJ<\/a><\/strong><\/p>\n\n\n<div class=\"wp-block-image alignwide is-stacked-on-mobile\">\n<figure class=\"aligncenter size-full is-resized\"><img loading=\"lazy\" decoding=\"async\" width=\"1600\" height=\"864\" src=\"https:\/\/gsmbydgoszcz.pl\/wp-content\/uploads\/2024\/11\/03_S24Ultra-GalaxyAI-KV_PC.jpg\" alt=\"s24ultra-c\" class=\"wp-image-1258\" style=\"width:1107px;height:auto\" srcset=\"https:\/\/gsmbydgoszcz.pl\/wp-content\/uploads\/2024\/11\/03_S24Ultra-GalaxyAI-KV_PC.jpg 1600w, https:\/\/gsmbydgoszcz.pl\/wp-content\/uploads\/2024\/11\/03_S24Ultra-GalaxyAI-KV_PC-300x162.jpg 300w, https:\/\/gsmbydgoszcz.pl\/wp-content\/uploads\/2024\/11\/03_S24Ultra-GalaxyAI-KV_PC-1024x553.jpg 1024w, https:\/\/gsmbydgoszcz.pl\/wp-content\/uploads\/2024\/11\/03_S24Ultra-GalaxyAI-KV_PC-768x415.jpg 768w, https:\/\/gsmbydgoszcz.pl\/wp-content\/uploads\/2024\/11\/03_S24Ultra-GalaxyAI-KV_PC-1536x829.jpg 1536w\" sizes=\"auto, (max-width: 1600px) 100vw, 1600px\" \/><\/figure>\n<\/div>\n\n\n<p><\/p>\n\n\n\n<p class=\"has-text-align-center has-medium-font-size\">Przypominamy, i\u017c gwarancj\u0105 obj\u0119te s\u0105 wy\u0142\u0105cznie urz\u0105dzenia zakupione na rynku europejskim. Sprz\u0119ty foldable, czyli Flipy i Foldy z dystrybucji zagranicznej musz\u0105 by\u0107 dostarczone do serwisu wraz z oryginalnym dowodem zakupu, by mo\u017cna by\u0142o dokona\u0107 naprawy na gwarancji. Urz\u0105dzenie zakupione poza UE mo\u017cemy naprawi\u0107 jedynie w formie p\u0142atnej, zak\u0142adaj\u0105c dost\u0119pno\u015b\u0107 tych cz\u0119\u015bci w naszych lokalnych magazynach.<\/p>\n\n\n\n<p class=\"has-text-align-center has-medium-font-size\"><strong>Paragony komisowe (faktura VAT mar\u017ca) nie s\u0105 honorowane!<\/strong><\/p>\n\n\n\n<p class=\"has-text-align-center has-medium-font-size\">Je\u015bli nie jeste\u015b pewien czy twoje dokumenty wystarczaj\u0105 do prawid\u0142owej obs\u0142ugi gwarancyjnej skontaktuj si\u0119 z nami telefonicznie, mailowo lub za po\u015brednictwem Messengera zagl\u0105daj\u0105c na zak\u0142adk\u0119 KONTAKT, a postaramy si\u0119 pom\u00f3c.<\/p>\n\n\n\n<hr class=\"wp-block-separator has-alpha-channel-opacity\"\/>\n\n\n\n<figure class=\"wp-block-gallery has-nested-images columns-default is-cropped wp-block-gallery-1 is-layout-flex wp-block-gallery-is-layout-flex\">\n<figure class=\"wp-block-image size-full alignwide is-stacked-on-mobile\"><img loading=\"lazy\" decoding=\"async\" width=\"1600\" height=\"864\" data-id=\"1259\" src=\"https:\/\/gsmbydgoszcz.pl\/wp-content\/uploads\/2024\/11\/flip6-folded.jpg\" alt=\"flip6-folded\" class=\"wp-image-1259\" srcset=\"https:\/\/gsmbydgoszcz.pl\/wp-content\/uploads\/2024\/11\/flip6-folded.jpg 1600w, https:\/\/gsmbydgoszcz.pl\/wp-content\/uploads\/2024\/11\/flip6-folded-300x162.jpg 300w, https:\/\/gsmbydgoszcz.pl\/wp-content\/uploads\/2024\/11\/flip6-folded-1024x553.jpg 1024w, https:\/\/gsmbydgoszcz.pl\/wp-content\/uploads\/2024\/11\/flip6-folded-768x415.jpg 768w, https:\/\/gsmbydgoszcz.pl\/wp-content\/uploads\/2024\/11\/flip6-folded-1536x829.jpg 1536w\" sizes=\"auto, (max-width: 1600px) 100vw, 1600px\" \/><\/figure>\n<\/figure>\n\n\n\n<p><\/p>\n\n\n\n<p class=\"has-text-align-center has-large-font-size\"><strong>DLACZEGO WYBRA\u0106 NASZ\u0104 FIRM\u0118?<\/strong><\/p>\n\n\n\n<ul class=\"wp-block-list\">\n<li class=\"has-medium-font-size\">przeprowadzamy darmowe naprawy gwarancyjne telefon\u00f3w marki Samsung<\/li>\n\n\n\n<li class=\"has-medium-font-size\">pe\u0142na autoryzacja napraw markowych urz\u0105dze\u0144 firmy Samsung<\/li>\n\n\n\n<li class=\"has-medium-font-size\">trzymiesi\u0119czna gwarancja na us\u0142ug\u0119 oraz dwuletnia r\u0119kojmia na wymienione cz\u0119\u015bci w przypadku napraw p\u0142atnych<\/li>\n\n\n\n<li class=\"has-medium-font-size\">wieloletnie do\u015bwiadczenie<\/li>\n\n\n\n<li class=\"has-medium-font-size\">profesjonalne narz\u0119dzia<\/li>\n\n\n\n<li class=\"has-medium-font-size\">wykwalifikowany zesp\u00f3\u0142 po bie\u017c\u0105cych szkoleniach<\/li>\n\n\n\n<li class=\"has-medium-font-size\">szybkie naprawy dzi\u0119ki lokalizacji w Twoim mie\u015bcie<\/li>\n\n\n\n<li class=\"has-medium-font-size\">rzetelne testy sprz\u0119tu i kalibracja po ka\u017cdej naprawie<br>&nbsp; (tak\u017ce testy szczelno\u015bci urz\u0105dze\u0144 o normie IP68)<\/li>\n\n\n\n<li class=\"has-medium-font-size\">profesjonalna diagnoza usterek<\/li>\n<\/ul>\n\n\n\n<hr class=\"wp-block-separator has-css-opacity\"\/>\n\n\n\n<h2 class=\"wp-block-heading has-text-align-center\">A CO JE\u015aLI NIE MA JU\u017b GWARANCJI?<\/h2>\n\n\n\n<p class=\"has-text-align-center has-white-color has-black-background-color has-text-color has-background has-medium-font-size\">Prosz\u0119 pami\u0119ta\u0107, i\u017c nawet je\u015bli Pa\u0144stwa urz\u0105dzenie nie mo\u017ce by\u0107 naprawione w ramach gwarancji, oferujemy tak\u017ce naprawy pogwarancyjne. Cz\u0119sto przeszkod\u0105 do napraw gwarancyjnych jest wyst\u0105pienie usterki po dwuletnim okresie ochrony sprz\u0119tu. Problem mo\u017ce stanowi\u0107 tak\u017ce uszkodzenie mechaniczne lub zawilgocenie sprz\u0119tu. W takich przypadkach diagnozujemy sprz\u0119t i oferujemy szybkie i atrakcyjne cenowo naprawy odp\u0142atne. Je\u015bli chc\u0105 Pa\u0144stwo pozna\u0107 szczeg\u00f3\u0142y takich napraw zapraszamy na zak\u0142adk\u0119 NAPRAW POGWARANCYJNYCH.<\/p>\n\n\n\n<div class=\"wp-block-columns has-very-light-gray-color has-text-color is-layout-flex wp-container-core-columns-is-layout-9d6595d7 wp-block-columns-is-layout-flex\">\n<div class=\"wp-block-column is-layout-flow wp-block-column-is-layout-flow\" style=\"flex-basis:66.66%\"><\/div>\n\n\n\n<div class=\"wp-block-column is-layout-flow wp-block-column-is-layout-flow\" style=\"flex-basis:33.33%\">\n<p class=\"has-text-align-right has-black-background-color has-background has-medium-font-size\"><a href=\"https:\/\/gsmbydgoszcz.pl\/index.php\/naprawy-pogwarancyjne-samsung\/\">NAPRAWY POGWARANCYJNE<\/a><\/p>\n<\/div>\n<\/div>\n\n\n\n<hr class=\"wp-block-separator has-alpha-channel-opacity\"\/>\n\n\n\n<figure class=\"wp-block-image size-full\"><img loading=\"lazy\" decoding=\"async\" width=\"2560\" height=\"891\" src=\"https:\/\/gsmbydgoszcz.pl\/wp-content\/uploads\/2024\/12\/certyfikaty-1-scaled.jpg\" alt=\"\" class=\"wp-image-1356\" srcset=\"https:\/\/gsmbydgoszcz.pl\/wp-content\/uploads\/2024\/12\/certyfikaty-1-scaled.jpg 2560w, https:\/\/gsmbydgoszcz.pl\/wp-content\/uploads\/2024\/12\/certyfikaty-1-300x104.jpg 300w, https:\/\/gsmbydgoszcz.pl\/wp-content\/uploads\/2024\/12\/certyfikaty-1-1024x356.jpg 1024w, https:\/\/gsmbydgoszcz.pl\/wp-content\/uploads\/2024\/12\/certyfikaty-1-768x267.jpg 768w, https:\/\/gsmbydgoszcz.pl\/wp-content\/uploads\/2024\/12\/certyfikaty-1-1536x534.jpg 1536w, https:\/\/gsmbydgoszcz.pl\/wp-content\/uploads\/2024\/12\/certyfikaty-1-2048x713.jpg 2048w\" sizes=\"auto, (max-width: 2560px) 100vw, 2560px\" \/><\/figure>\n\n\n\n<hr class=\"wp-block-separator has-alpha-channel-opacity\"\/>\n\n\n\n<figure class=\"wp-block-image size-full\"><img loading=\"lazy\" decoding=\"async\" width=\"2560\" height=\"891\" src=\"https:\/\/gsmbydgoszcz.pl\/wp-content\/uploads\/2024\/12\/certyfikaty-2-scaled.jpg\" alt=\"\" class=\"wp-image-1357\" srcset=\"https:\/\/gsmbydgoszcz.pl\/wp-content\/uploads\/2024\/12\/certyfikaty-2-scaled.jpg 2560w, https:\/\/gsmbydgoszcz.pl\/wp-content\/uploads\/2024\/12\/certyfikaty-2-300x104.jpg 300w, https:\/\/gsmbydgoszcz.pl\/wp-content\/uploads\/2024\/12\/certyfikaty-2-1024x356.jpg 1024w, https:\/\/gsmbydgoszcz.pl\/wp-content\/uploads\/2024\/12\/certyfikaty-2-768x267.jpg 768w, https:\/\/gsmbydgoszcz.pl\/wp-content\/uploads\/2024\/12\/certyfikaty-2-1536x534.jpg 1536w, https:\/\/gsmbydgoszcz.pl\/wp-content\/uploads\/2024\/12\/certyfikaty-2-2048x713.jpg 2048w\" sizes=\"auto, (max-width: 2560px) 100vw, 2560px\" \/><\/figure>\n\n\n\n<p><\/p>\n","protected":false},"excerpt":{"rendered":"<p>Kliknij tutaj i wype\u0142nij zg\u0142oszenie serwisowe i prze\u015blij do nas sw\u00f3j sprz\u0119t. Ode\u015blemy go za darmo! Aby u\u0142atwi\u0107 ci ca\u0142y [&hellip;]<\/p>\n","protected":false},"author":1,"featured_media":0,"parent":0,"menu_order":0,"comment_status":"closed","ping_status":"closed","template":"page-templates\/full-width.php","meta":{"_monsterinsights_skip_tracking":false,"_monsterinsights_sitenote_active":false,"_monsterinsights_sitenote_note":"","_monsterinsights_sitenote_category":0,"_uf_show_specific_survey":0,"_uf_disable_surveys":false,"footnotes":""},"class_list":["post-168","page","type-page","status-publish","hentry"],"yoast_head":"<!-- This site is optimized with the Yoast SEO plugin v27.5 - https:\/\/yoast.com\/product\/yoast-seo-wordpress\/ -->\n<title>NAPRAWY GWARANCYJNE TELEFON\u00d3W SAMSUNG - GSM Bydgoszcz<\/title>\n<meta name=\"description\" content=\"Jako autoryzowany serwis mo\u017cemy przeprowadza\u0107 naprawy gwarancyjne telefon\u00f3w marki Samsung. Serwisujemy tak\u017ce tablety i smartwatche Samsunga.\" \/>\n<meta name=\"robots\" content=\"index, follow, max-snippet:-1, max-image-preview:large, max-video-preview:-1\" \/>\n<link rel=\"canonical\" href=\"https:\/\/gsmbydgoszcz.pl\/index.php\/naprawy-gwarancyjne-samsung\/\" \/>\n<meta property=\"og:locale\" content=\"pl_PL\" \/>\n<meta property=\"og:type\" content=\"article\" \/>\n<meta property=\"og:title\" content=\"NAPRAWY GWARANCYJNE TELEFON\u00d3W SAMSUNG - GSM Bydgoszcz\" \/>\n<meta property=\"og:description\" content=\"Jako autoryzowany serwis mo\u017cemy przeprowadza\u0107 naprawy gwarancyjne telefon\u00f3w marki Samsung. Serwisujemy tak\u017ce tablety i smartwatche Samsunga.\" \/>\n<meta property=\"og:url\" content=\"https:\/\/gsmbydgoszcz.pl\/index.php\/naprawy-gwarancyjne-samsung\/\" \/>\n<meta property=\"og:site_name\" content=\"GSM Bydgoszcz\" \/>\n<meta property=\"article:publisher\" content=\"https:\/\/www.facebook.com\/samsung.bydgoszcz\/\" \/>\n<meta property=\"article:modified_time\" content=\"2025-07-09T13:55:48+00:00\" \/>\n<meta property=\"og:image\" content=\"http:\/\/gsmbydgoszcz.pl\/wp-content\/uploads\/2024\/11\/flip6v.jpg\" \/>\n<meta name=\"twitter:card\" content=\"summary_large_image\" \/>\n<meta name=\"twitter:label1\" content=\"Szacowany czas czytania\" \/>\n\t<meta name=\"twitter:data1\" content=\"5 minut\" \/>\n<script type=\"application\/ld+json\" class=\"yoast-schema-graph\">{\"@context\":\"https:\\\/\\\/schema.org\",\"@graph\":[{\"@type\":\"WebPage\",\"@id\":\"https:\\\/\\\/gsmbydgoszcz.pl\\\/index.php\\\/naprawy-gwarancyjne-samsung\\\/\",\"url\":\"https:\\\/\\\/gsmbydgoszcz.pl\\\/index.php\\\/naprawy-gwarancyjne-samsung\\\/\",\"name\":\"NAPRAWY GWARANCYJNE TELEFON\u00d3W SAMSUNG - GSM Bydgoszcz\",\"isPartOf\":{\"@id\":\"https:\\\/\\\/gsmbydgoszcz.pl\\\/#website\"},\"primaryImageOfPage\":{\"@id\":\"https:\\\/\\\/gsmbydgoszcz.pl\\\/index.php\\\/naprawy-gwarancyjne-samsung\\\/#primaryimage\"},\"image\":{\"@id\":\"https:\\\/\\\/gsmbydgoszcz.pl\\\/index.php\\\/naprawy-gwarancyjne-samsung\\\/#primaryimage\"},\"thumbnailUrl\":\"http:\\\/\\\/gsmbydgoszcz.pl\\\/wp-content\\\/uploads\\\/2024\\\/11\\\/flip6v.jpg\",\"datePublished\":\"2020-01-15T08:49:45+00:00\",\"dateModified\":\"2025-07-09T13:55:48+00:00\",\"description\":\"Jako autoryzowany serwis mo\u017cemy przeprowadza\u0107 naprawy gwarancyjne telefon\u00f3w marki Samsung. Serwisujemy tak\u017ce tablety i smartwatche Samsunga.\",\"breadcrumb\":{\"@id\":\"https:\\\/\\\/gsmbydgoszcz.pl\\\/index.php\\\/naprawy-gwarancyjne-samsung\\\/#breadcrumb\"},\"inLanguage\":\"pl-PL\",\"potentialAction\":[{\"@type\":\"ReadAction\",\"target\":[\"https:\\\/\\\/gsmbydgoszcz.pl\\\/index.php\\\/naprawy-gwarancyjne-samsung\\\/\"]}]},{\"@type\":\"ImageObject\",\"inLanguage\":\"pl-PL\",\"@id\":\"https:\\\/\\\/gsmbydgoszcz.pl\\\/index.php\\\/naprawy-gwarancyjne-samsung\\\/#primaryimage\",\"url\":\"http:\\\/\\\/gsmbydgoszcz.pl\\\/wp-content\\\/uploads\\\/2024\\\/11\\\/flip6v.jpg\",\"contentUrl\":\"http:\\\/\\\/gsmbydgoszcz.pl\\\/wp-content\\\/uploads\\\/2024\\\/11\\\/flip6v.jpg\"},{\"@type\":\"BreadcrumbList\",\"@id\":\"https:\\\/\\\/gsmbydgoszcz.pl\\\/index.php\\\/naprawy-gwarancyjne-samsung\\\/#breadcrumb\",\"itemListElement\":[{\"@type\":\"ListItem\",\"position\":1,\"name\":\"Strona g\u0142\u00f3wna\",\"item\":\"https:\\\/\\\/gsmbydgoszcz.pl\\\/\"},{\"@type\":\"ListItem\",\"position\":2,\"name\":\"NAPRAWY GWARANCYJNE TELEFON\u00d3W SAMSUNG\"}]},{\"@type\":\"WebSite\",\"@id\":\"https:\\\/\\\/gsmbydgoszcz.pl\\\/#website\",\"url\":\"https:\\\/\\\/gsmbydgoszcz.pl\\\/\",\"name\":\"GSM Bydgoszcz - Serwis Samsung\",\"description\":\"samsung serwis bydgoszcz\",\"publisher\":{\"@id\":\"https:\\\/\\\/gsmbydgoszcz.pl\\\/#organization\"},\"potentialAction\":[{\"@type\":\"SearchAction\",\"target\":{\"@type\":\"EntryPoint\",\"urlTemplate\":\"https:\\\/\\\/gsmbydgoszcz.pl\\\/?s={search_term_string}\"},\"query-input\":{\"@type\":\"PropertyValueSpecification\",\"valueRequired\":true,\"valueName\":\"search_term_string\"}}],\"inLanguage\":\"pl-PL\"},{\"@type\":\"Organization\",\"@id\":\"https:\\\/\\\/gsmbydgoszcz.pl\\\/#organization\",\"name\":\"GSM Bydgoszcz\",\"url\":\"https:\\\/\\\/gsmbydgoszcz.pl\\\/\",\"logo\":{\"@type\":\"ImageObject\",\"inLanguage\":\"pl-PL\",\"@id\":\"https:\\\/\\\/gsmbydgoszcz.pl\\\/#\\\/schema\\\/logo\\\/image\\\/\",\"url\":\"http:\\\/\\\/gsmbydgoszcz.pl\\\/wp-content\\\/uploads\\\/2020\\\/01\\\/samsung_logo_PNG14-3-1.png\",\"contentUrl\":\"http:\\\/\\\/gsmbydgoszcz.pl\\\/wp-content\\\/uploads\\\/2020\\\/01\\\/samsung_logo_PNG14-3-1.png\",\"width\":1084,\"height\":373,\"caption\":\"GSM Bydgoszcz\"},\"image\":{\"@id\":\"https:\\\/\\\/gsmbydgoszcz.pl\\\/#\\\/schema\\\/logo\\\/image\\\/\"},\"sameAs\":[\"https:\\\/\\\/www.facebook.com\\\/samsung.bydgoszcz\\\/\"]}]}<\/script>\n<!-- \/ Yoast SEO plugin. -->","yoast_head_json":{"title":"NAPRAWY GWARANCYJNE TELEFON\u00d3W SAMSUNG - GSM Bydgoszcz","description":"Jako autoryzowany serwis mo\u017cemy przeprowadza\u0107 naprawy gwarancyjne telefon\u00f3w marki Samsung. Serwisujemy tak\u017ce tablety i smartwatche Samsunga.","robots":{"index":"index","follow":"follow","max-snippet":"max-snippet:-1","max-image-preview":"max-image-preview:large","max-video-preview":"max-video-preview:-1"},"canonical":"https:\/\/gsmbydgoszcz.pl\/index.php\/naprawy-gwarancyjne-samsung\/","og_locale":"pl_PL","og_type":"article","og_title":"NAPRAWY GWARANCYJNE TELEFON\u00d3W SAMSUNG - GSM Bydgoszcz","og_description":"Jako autoryzowany serwis mo\u017cemy przeprowadza\u0107 naprawy gwarancyjne telefon\u00f3w marki Samsung. Serwisujemy tak\u017ce tablety i smartwatche Samsunga.","og_url":"https:\/\/gsmbydgoszcz.pl\/index.php\/naprawy-gwarancyjne-samsung\/","og_site_name":"GSM Bydgoszcz","article_publisher":"https:\/\/www.facebook.com\/samsung.bydgoszcz\/","article_modified_time":"2025-07-09T13:55:48+00:00","og_image":[{"url":"http:\/\/gsmbydgoszcz.pl\/wp-content\/uploads\/2024\/11\/flip6v.jpg","type":"","width":"","height":""}],"twitter_card":"summary_large_image","twitter_misc":{"Szacowany czas czytania":"5 minut"},"schema":{"@context":"https:\/\/schema.org","@graph":[{"@type":"WebPage","@id":"https:\/\/gsmbydgoszcz.pl\/index.php\/naprawy-gwarancyjne-samsung\/","url":"https:\/\/gsmbydgoszcz.pl\/index.php\/naprawy-gwarancyjne-samsung\/","name":"NAPRAWY GWARANCYJNE TELEFON\u00d3W SAMSUNG - GSM Bydgoszcz","isPartOf":{"@id":"https:\/\/gsmbydgoszcz.pl\/#website"},"primaryImageOfPage":{"@id":"https:\/\/gsmbydgoszcz.pl\/index.php\/naprawy-gwarancyjne-samsung\/#primaryimage"},"image":{"@id":"https:\/\/gsmbydgoszcz.pl\/index.php\/naprawy-gwarancyjne-samsung\/#primaryimage"},"thumbnailUrl":"http:\/\/gsmbydgoszcz.pl\/wp-content\/uploads\/2024\/11\/flip6v.jpg","datePublished":"2020-01-15T08:49:45+00:00","dateModified":"2025-07-09T13:55:48+00:00","description":"Jako autoryzowany serwis mo\u017cemy przeprowadza\u0107 naprawy gwarancyjne telefon\u00f3w marki Samsung. Serwisujemy tak\u017ce tablety i smartwatche Samsunga.","breadcrumb":{"@id":"https:\/\/gsmbydgoszcz.pl\/index.php\/naprawy-gwarancyjne-samsung\/#breadcrumb"},"inLanguage":"pl-PL","potentialAction":[{"@type":"ReadAction","target":["https:\/\/gsmbydgoszcz.pl\/index.php\/naprawy-gwarancyjne-samsung\/"]}]},{"@type":"ImageObject","inLanguage":"pl-PL","@id":"https:\/\/gsmbydgoszcz.pl\/index.php\/naprawy-gwarancyjne-samsung\/#primaryimage","url":"http:\/\/gsmbydgoszcz.pl\/wp-content\/uploads\/2024\/11\/flip6v.jpg","contentUrl":"http:\/\/gsmbydgoszcz.pl\/wp-content\/uploads\/2024\/11\/flip6v.jpg"},{"@type":"BreadcrumbList","@id":"https:\/\/gsmbydgoszcz.pl\/index.php\/naprawy-gwarancyjne-samsung\/#breadcrumb","itemListElement":[{"@type":"ListItem","position":1,"name":"Strona g\u0142\u00f3wna","item":"https:\/\/gsmbydgoszcz.pl\/"},{"@type":"ListItem","position":2,"name":"NAPRAWY GWARANCYJNE TELEFON\u00d3W SAMSUNG"}]},{"@type":"WebSite","@id":"https:\/\/gsmbydgoszcz.pl\/#website","url":"https:\/\/gsmbydgoszcz.pl\/","name":"GSM Bydgoszcz - Serwis Samsung","description":"samsung serwis bydgoszcz","publisher":{"@id":"https:\/\/gsmbydgoszcz.pl\/#organization"},"potentialAction":[{"@type":"SearchAction","target":{"@type":"EntryPoint","urlTemplate":"https:\/\/gsmbydgoszcz.pl\/?s={search_term_string}"},"query-input":{"@type":"PropertyValueSpecification","valueRequired":true,"valueName":"search_term_string"}}],"inLanguage":"pl-PL"},{"@type":"Organization","@id":"https:\/\/gsmbydgoszcz.pl\/#organization","name":"GSM Bydgoszcz","url":"https:\/\/gsmbydgoszcz.pl\/","logo":{"@type":"ImageObject","inLanguage":"pl-PL","@id":"https:\/\/gsmbydgoszcz.pl\/#\/schema\/logo\/image\/","url":"http:\/\/gsmbydgoszcz.pl\/wp-content\/uploads\/2020\/01\/samsung_logo_PNG14-3-1.png","contentUrl":"http:\/\/gsmbydgoszcz.pl\/wp-content\/uploads\/2020\/01\/samsung_logo_PNG14-3-1.png","width":1084,"height":373,"caption":"GSM Bydgoszcz"},"image":{"@id":"https:\/\/gsmbydgoszcz.pl\/#\/schema\/logo\/image\/"},"sameAs":["https:\/\/www.facebook.com\/samsung.bydgoszcz\/"]}]}},"_links":{"self":[{"href":"https:\/\/gsmbydgoszcz.pl\/index.php\/wp-json\/wp\/v2\/pages\/168","targetHints":{"allow":["GET"]}}],"collection":[{"href":"https:\/\/gsmbydgoszcz.pl\/index.php\/wp-json\/wp\/v2\/pages"}],"about":[{"href":"https:\/\/gsmbydgoszcz.pl\/index.php\/wp-json\/wp\/v2\/types\/page"}],"author":[{"embeddable":true,"href":"https:\/\/gsmbydgoszcz.pl\/index.php\/wp-json\/wp\/v2\/users\/1"}],"replies":[{"embeddable":true,"href":"https:\/\/gsmbydgoszcz.pl\/index.php\/wp-json\/wp\/v2\/comments?post=168"}],"version-history":[{"count":60,"href":"https:\/\/gsmbydgoszcz.pl\/index.php\/wp-json\/wp\/v2\/pages\/168\/revisions"}],"predecessor-version":[{"id":1740,"href":"https:\/\/gsmbydgoszcz.pl\/index.php\/wp-json\/wp\/v2\/pages\/168\/revisions\/1740"}],"wp:attachment":[{"href":"https:\/\/gsmbydgoszcz.pl\/index.php\/wp-json\/wp\/v2\/media?parent=168"}],"curies":[{"name":"wp","href":"https:\/\/api.w.org\/{rel}","templated":true}]}}